ctors of (1 + 7/q)*-12?
2
Suppose 12*l = 9*l + 411. What are the prime factors of l?
137
Suppose 0 = -5*y - 20 + 40. Let t = -1 - -3. Suppose t*g - 30 + y = 0. List the prime factors of g.
13
Suppose 0 = 3*g - 5*x - 31, -3*g - g + x = -30. List the prime factors of 4056/182 + (-2)/g.
2, 11
Let l be 3 + (3 + -1)/(-2). Suppose 0 = -5*d + 25, 2*x = -d + l + 7. What are the prime factors of (-3)/(x - -1)*-23?
23
Let l(j) = -6*j + 758. List the prime factors of l(53).
2, 5, 11
Let n = -76 + 73. What are the prime factors of 718/14 + 57/21 + n?
3, 17
Let f(a) = -3*a**2 + 90*a + 33. What are the prime factors of f(30)?
3, 11
Let f = 2871 + -1149. List the prime factors of f.
2, 3, 7, 41
Let u(o) = -o**3 + 7*o**2 - 8*o - 6. Let q be u(4). List the prime factors of (-12)/((-11)/q + 1).
2, 3, 5
Let z(b) = -2*b**3 - 2*b**2 + 3*b + 3. Let o be z(-2). Suppose 40*l = 24*l + 928. Suppose o*y = y + 5*u + 206, -y = 2*u - l. List the prime factors of y.
2, 3
Let w(o) = o**2 + 8*o + 4. Let l be w(-6). Let g(n) = -21*n - 24. Let t be g(l). Suppose -20 = -5*c, -4*c - t = -2*k - 0*k. What are the prime factors of k?
2, 5
Let q be 4/22 + (-11049)/(-33). Suppose -43*n + 38*n + q = 0. What are the prime factors of n?
67
Suppose -c + 428 = 5*v, -8*c + 2*v + 868 = -6*c. List the prime factors of c.
433
Let b = 27 + -15. Suppose 4*g + 0*r - 3*r = 60, 2*g = -3*r + b. Let h = g - 5. List the prime factors of h.
7
Let q be (-3 - (1 - 0))/1. Let j be (-2*(-8)/q)/2. List the prime factors of j/13 - 1728/(-78).
2, 11
Suppose 2*l - 5*l + 5*s = -2600, -3*l - s + 2594 = 0. What are the prime factors of l?
5, 173
Suppose 5*m + 134 = -a + 14, -3*m + 5*a - 100 = 0. Suppose 2*b - 195 = -3*b. Let l = m + b. List the prime factors of l.
2, 7
Let w(n) = 2*n - 4. Let r be w(6). Suppose -r*v - 25 = -13*v. Suppose 0 = v*h - 3*h - 76. What are the prime factors of h?
2, 19
Let f(y) be the first derivative of -y**3/3 + 3*y**2 - 3*y + 2. Let i be f(5). List the prime factors of i/(-4)*-46 - 1.
2, 11
Let k = 2471 - 1695. Let x = -526 + k. What are the prime factors of x?
2, 5
Let q(g) be the first derivative of -7*g**2 + g - 58. Let o be 0/(0 - -2) + -2. List the prime factors of q(o).
29
Suppose 4*m = b + 2*b - 100, 5*m + 144 = -b. Let g = m - -131. List the prime factors of g.
103
Let i(y) = 186*y**2 + 104*y + 4. List the prime factors of i(-3).
2, 683
Let j(h) = 12*h**3 - 3*h**2 + 5. Let s be j(-2). Let p = s - -172. List the prime factors of p.
3, 23
Let c(b) = 7*b - 34. Let d(u) = u**3 - u**2 - 6*u - 8. Let r be d(4). List the prime factors of c(r).
2, 3, 13
Suppose 22*b = -2*b + 34704. List the prime factors of b.
2, 3, 241
Suppose -52 = -6*j - 4. Suppose v - j = -3*v. List the prime factors of v.
2
Let p(i) = i + 190. Let x be p(0). Let l = 5 + -1. Suppose -l*s = 2*b - 48, -3*s = 5*b - x + 49. What are the prime factors of b?
2, 3, 5
Suppose -3*m - 4*d = -951, -m - 2*d + 5*d + 330 = 0. List the prime factors of m.
3, 107
Let h = 58 + -61. Let p(q) = -8*q**3 + 3*q - 7. What are the prime factors of p(h)?
2, 5
Let u(d) be the second derivative of 2*d**4/3 + 4*d**3 - 45*d. List the prime factors of u(-4).
2
Suppose 4*l = 5*h + l - 16, 0 = 4*h + 4*l. Suppose 5*m = -z + 114, -4 = h*m - 0*m. List the prime factors of z.
2, 31
Let s = -72 + 103. Let w = 14 - s. Let i = w + 61. What are the prime factors of i?
2, 11
Suppose -528 = -3*d - 5*d. Let c = 87 - d. List the prime factors of c.
3, 7
Let s be ((-9)/(-4))/(6/16). Suppose 0 = -5*o + 5*a + 1570, -s*o + 2*o = 2*a - 1274. What are the prime factors of o?
317
Let m(s) = 15*s**3 + 7*s + s**2 - 2 + 0 - 5*s. What are the prime factors of m(2)?
2, 3, 7
Let c = 7451 + -3586. List the prime factors of c.
5, 773
Let q(l) = l**2 - l - 4. Let g(n) = n + 10. Let t be g(-6). Suppose -1 = c - t. List the prime factors of q(c).
2
Let i = 1453 - 1016. What are the prime factors of i?
19, 23
Let y(d) = -d**3 - 2*d**2 - 7*d - 2. What are the prime factors of y(-6)?
2, 23
Let a(y) = -10*y - 44. Let o = 57 - 63. What are the prime factors of a(o)?
2
Let m be (-5)/(-2)*12/15. Let o = 69 + -70. What are the prime factors of ((-44)/o)/(m/1)?
2, 11
Suppose -5*t = l - 0*l - 37, 109 = 2*l + 3*t. Suppose -3*u - l = -4*u. List the prime factors of u.
2, 31
Suppose -8*y + 55 = -3*y. Suppose -z = 4*n - 13, -4*n - y = -3*z - 2*n. Suppose 4*m = z + 79. What are the prime factors of m?
3, 7
Suppose 3*u = 2*u. Let j(s) = -s**2 + 7*s - 7. Let z be j(5). Suppose z*w = -u*w + 174. List the prime factors of w.
2, 29
Suppose -5*d = a + 25, 0 + 2 = 2*d. Suppose -10*b + 16*b + 30 = 0. List the prime factors of (9/6)/(b/a).
3
Let f = 507 + 759. What are the prime factors of f?
2, 3, 211
Let w = -17 - -44. Suppose 0 = 5*q + 5*x - 35, 0*x + 3*x - w = -4*q. Let j = 37 - q. List the prime factors of j.
31
Suppose -42*j = -34*j - 3616. What are the prime factors of j?
2, 113
Let p = 53 - 68. Let a = p - -55. List the prime factors of a.
2, 5
Let c = -18 - -22. Suppose 3*l - 19 + c = 0. Suppose l*b = a + 40 + 36, 4*b - 76 = -3*a. What are the prime factors of b?
2
Suppose -4*u + 0*u - 32 = 0. Let t = 22 + u. List the prime factors of t.
2, 7
Let w be 5/3 - 1/(-3). Suppose -5*c + w*b = -6 - 20, -c - 8 = 4*b. Suppose -3*j + 149 - 25 = c*a, -2*j = 2*a - 60. What are the prime factors of a?
2, 17
Suppose -7 = -3*q + 5. Suppose -q*z + z = -12. Suppose -8 = l + z*x - 26, 4*x - 8 = 0. List the prime factors of l.
2, 5
Suppose -4*q + 2*m + 18 = 6, m + 15 = 5*q. Suppose -5*k = 5*b - 395, 4*b - 2*b + q*k - 163 = 0. List the prime factors of b.
2, 37
Let j(v) = -3*v + 1. Suppose -5*n = 4*p - 25, p + p + 4*n - 20 = 0. Let s = p - 5. List the prime factors of j(s).
2
Let h = -11 - -1. Let i be (-24)/h*(-5)/(-2). Suppose 5*j - i*j = -13. What are the prime factors of j?
13
Suppose 0 = -c + 2*m - 5*m - 10, 5*m + 11 = 4*c. Let n(u) = -10*u + 2 - 4 - 2 + 5. What are the prime factors of n(c)?
11
Let d = 23 + -18. Suppose p + 3*n + 2*n + 29 = 0, d*n - 116 = 4*p. Let s = -8 - p. What are the prime factors of s?
3, 7
Suppose -29*s + 5038 = -8534. List the prime factors of s.
2, 3, 13
Let n(q) = 60*q**3 + 5*q**2 - 6*q + 1. List the prime factors of n(2).
3, 163
Suppose 0 = 2*h - 0*h - 36. Let d(u) = h*u + 13*u**2 - 6*u - 3 - u**3 - 3*u**2. List the prime factors of d(11).
2
Let q = 15 + -13. Suppose q*l - 46 = 4*l. Let o = l + 36. What are the prime factors of o?
13
Let f = 46 - 42. What are the prime factors of f + 178/9 + 4/18?
2, 3
Let s(x) be the first derivative of 17*x**4/2 - x**3/3 - x**2/2 - x - 9. Let f be s(-1). Let z = 19 - f. List the prime factors of z.
2, 3
Let x(l) be the second derivative of l**5/20 + 19*l**4/12 - l**3/3 + 14*l**2 + 9*l. What are the prime factors of x(-19)?
2, 3, 11
Let f = 435 + -87. List the prime factors of f.
2, 3, 29
Suppose 0 = 3*t - 4*h - 1092, 0*t + 5*t = -4*h + 1788. Suppose -5*g = 3*w - 299, -3*w - t = -5*g - 79. List the prime factors of g.
2, 29
Suppose 0 = 2*o - 2*r - 1580, 9*o + 2*r - 3950 = 4*o. List the prime factors of o.
2, 5, 79
Let q = 15 - 20. Let g = q - -1. Let x(a) = a**2 + 2*a - 1. List the prime factors of x(g).
7
Let z(b) = -12*b - 36. Let f(l) = -3*l**2 + 12*l + 9. Let v be f(5). List the prime factors of z(v).
2, 3
Let a(t) = -t**3 + 16*t**2 + 23*t - 13. List the prime factors of a(-9).
5, 19
Suppose -20*j + 218347 = 77*j. What are the prime factors of j?
2251
Suppose 0 = -12*u + 270 + 10122. What are the prime factors of u?
2, 433
Suppose 3*v + 10*d - 7*d = 8022, -13338 = -5*v + 3*d. List the prime factors of v.
2, 3, 5, 89
Let r be 1*(-3)/(-6)*-4. What are the prime factors of 712/(-12)*r*(-3)/(-2)?
2, 89
Let w(d) = 5*d**2 - 138*d + 12. What are the prime factors of w(39)?
3, 5, 149
Suppose 2*z = -4, 4*z - 3 = -5*g + 14. Suppose 0 = 2*v + 4*q - 118, g*v - q - q - 271 = 0. What are the prime factors of v?
5, 11
Suppose n - 24 = -4*c, -5*c + 18 = -3*c + 2*n. Let j = 0 - c. Let g(s) = -s**2 - 10*s + 2. List the prime factors of g(j).
3
Suppose -2*t + 4 = 3*u - 4*t, -2*u - t = -12. Let g(p) = -3*p + p - u*p. What are the prime factors of g(-2)?
2, 3
Let g = 8982 - 6373. What are the prime factors of g?
2609
Let y(z) = z**2 - 13*z + 101. What are the prime factors of y(15)?
131
Let a(o) be the first derivative of -2*o - 2*o**3 + 8 - 1/4*o**4 + 